540103 (base 7) in base 10?
-211340
What is -30332d (base 14) in base 11?
-a08979
Convert 12121112021202 (base 3) to base 6.
143532032
What is 157633 (base 8) in base 4?
31332123
-5cab1 (base 13) to base 4
-221233323
Convert 404a4 (base 15) to base 8.
615442
What is -19a666 (base 12) in base 2?
-1101110110000101110
-10252553 (base 6) to base 4
-1021320111
1c97954 (base 13) to base 8
44350567
19075a (base 16) to base 2
110010000011101011010
What is -2040670 (base 8) in base 5?
-114303422
What is 31072343 (base 8) in base 16?
6474e3
Convert a73288 (base 12) to base 9.
4862075
What is -432443010 (base 5) in base 10?
-1843505
Convert 125991 (base 10) to base 4.
132300213
Convert 21ab2 (base 12) to base 10.
44774
Convert -16602240 (base 7) to base 9.
-3055383
201320033 (base 4) to base 3
21001100112
Convert -1404044 (base 6) to base 16.
-1333c
What is 7bd82 (base 14) in base 6?
10245010
11100010100000011000011 (base 2) to base 5
3400002042
What is -128816 (base 9) in base 2?
-10011001101001010
What is 2021 (base 3) in base 5?
221
-13340313 (base 6) to base 5
-103323113
1000111010000011011 (base 2) to base 16
4741b
Convert -4177544 (base 8) to base 9.
-2077048
Convert 155834 (base 9) to base 16.
177b2
What is 21132441 (base 8) in base 5?
2123042232
Convert 100001110210 (base 3) to base 7.
1341411
Convert 111100022020 (base 3) to base 13.
9272a
What is -67903 (base 13) in base 6?
-4011341
-1244434 (base 5) to base 4
-12012202
What is 21000331 (base 4) in base 12?
19451
What is -2657543 (base 8) in base 10?
-745315
Convert 673823 (base 10) to base 16.
a481f
-201014 (base 13) to base 15
-eaa35
Convert -15312771 (base 8) to base 16.
-3595f9
Convert 3101201220 (base 4) to base 6.
30221120
Convert -26035717 (base 8) to base 12.
-1b2a413
41453202 (base 7) to base 8
15244527
984455 (base 10) to base 3
1212000102022
Convert -10041144022 (base 5) to base 16.
-9a1caf
What is 51044331 (base 6) in base 13?
3bb198
What is 222202111 (base 5) in base 9?
1745745
-380577 (base 9) to base 2
-111000001011011110
Convert 65050a (base 13) to base 9.
4413868
What is -100011101101100011010000 (base 2) in base 11?
-5314580
-23115521 (base 8) to base 7
-60450006
Convert c815ac (base 13) to base 16.
478554
2200000122 (base 4) to base 2
10100000000000011010
What is 308a52 (base 11) in base 2?
1111000110111011100
-48670 (base 9) to base 7
-164055
Convert -635225 (base 8) to base 3.
-101202021020
3200142 (base 6) to base 15
31172
What is 122b8 (base 13) in base 16?
82a4
What is 10011010001000001111011 (base 2) in base 8?
23210173
-b3842e (base 15) to base 12
-2a36068
-9a449 (base 12) to base 10
-204537
10110021011 (base 3) to base 15
1522a
What is -3762012 (base 8) in base 11?
-651484
Convert 16845 (base 10) to base 4.
10013031
-103 (base 9) to base 12
-70
Convert 1101730 (base 9) to base 3.
1010001211000
Convert -155702 (base 9) to base 15.
-1d6e8
10351442 (base 6) to base 13
ab212
28528 (base 16) to base 13
5a238
What is -168ed (base 15) in base 6?
-1321254
Convert -20131013303 (base 4) to base 14.
-419a4b
Convert 1482400 (base 9) to base 3.
1112202110000
Convert 212101112100 (base 3) to base 16.
70662
What is -144420 (base 10) in base 14?
-3a8ba
-155710 (base 11) to base 6
-5103145
What is 103685 (base 16) in base 3?
1222222112002
2b1d3 (base 16) to base 6
3441323
What is 123370 (base 9) in base 16?
123a8
Convert -6531056 (base 8) to base 6.
-101255434
-1084151 (base 10) to base 16
-108af7
-807a3 (base 12) to base 13
-5b038
What is 2361225 (base 7) in base 12?
125b49
-1000101001111010011011 (base 2) to base 12
-914b8b
Convert -200112011012222 (base 3) to base 6.
-551000425
-364244 (base 7) to base 16
-10319
-9c0c (base 16) to base 14
-107b6
Convert -242322 (base 8) to base 16.
-144d2
What is 461081 (base 11) in base 9?
1337116
Convert -405227 (base 11) to base 6.
-21542254
-3347b (base 12) to base 11
-47156
Convert -147762 (base 9) to base 15.
-1be7e
What is -25862085 (base 9) in base 8?
-60453664
4345 (base 10) to base 3
12221221
Convert -264303 (base 7) to base 16.
-c186
1a8164 (base 13) to base 2
10100100101110101010
-11010110011010 (base 2) to base 16
-359a
-74d3 (base 14) to base 16
-4ed1
What is -d91a1 (base 14) in base 15?
-a55cb
Convert -2a4c3 (base 15) to base 3.
-20220200010
-925171 (base 11) to base 14
-2a957d
What is 3101322 (base 6) in base 16?
24272
What is 7601568 (base 9) in base 16?
3e3039
-180610 (base 10) to base 3
-100011202021
-1010100011011100111 (base 2) to base 7
-2640153
What is 39215 (base 11) in base 4?
31231200
What is -8ab8dc (base 15) in base 3?
-110110100110100
-20242453 (base 6) to base 9
-1075246
3516523 (base 7) to base 16
6bd67
Convert 31324 (base 5) to base 9.
2771
-111101131001 (base 4) to base 14
-a52385
What is 10041133 (base 6) in base 15?
59863
What is a242b (base 12) in base 15?
429a2
Convert 175623 (base 8) to base 9.
107308
-145840 (base 14) to base 6
-23052212
Convert 2020101112 (base 4) to base 6.
15544034
Convert -5002b (base 14) to base 9.
-322475
What is -10011111011001111010 (base 2) in base 5?
-131343142
-3270275 (base 9) to base 2
-110101101010101110010
Convert 17533aa (base 12) to base 8.
22347562
Convert 216447 (base 11) to base 7.
2635413
1005150144 (base 6) to base 9
21376571
Convert 22462 (base 13) to base 10.
62272
-127b0c (base 15) to base 13
-2507c7
Convert c20e6 (base 16) to base 4.
3002003212
What is 100000011000011101010000 (base 2) in base 11?
4878827
-100000010100011111 (base 2) to base 15
-29358
785200 (base 9) to base 10
469638
Convert -135596 (base 13) to base 14.
-c2c6d
What is -3560243 (base 7) in base 14?
-ba793
What is -234552051 (base 6) in base 16?
-439e7f
What is -11001330102 (base 4) in base 12?
-537156
Convert 10020100120110 (base 3) to base 8.
6436147
-15317251 (base 10) to base 3
-1001211012022121
What is -110121212120 (base 3) in base 10?
-248496
What is c712d (base 14) in base 15?
97542
101001010101110100100 (base 2) to base 11
84585a
Convert 2301120 (base 5) to base 2.
1001111101010001
Convert 1a4a68 (base 13) to base 9.
1226530
324400232 (base 5) to base 10
1403192
298c04 (base 13) to base 3
1220210010202
100200030 (base 4) to base 2
10000100000001100
What is -5174634 (base 8) in base 2?
-101001111100110011100
3423020 (base 6) to base 3
22212010110
Convert 2321124 (base 6) to base 7.
1005253
What is -232132301 (base 4) in base 10?
-190385
What is -766365 (base 14) in base 13?
-aa6407
What is 2210221110020 (base 3) in base 5?
340313110
Convert -101021002201 (base 3) to base 14.
-53890
-11110101010100001 (base 2) to base 4
-132222201
Convert 159445 (base 13) to base 10.
534604
Convert -31806 (base 13) to base 3.
-11112102010
What is -114544b (base 12) in base 16?
-32c43b
Convert -1111011001010101 (base 2) to base 14.
-18da5
What is 1130000013 (base 4) in base 8?
1340007
What is 24c102 (base 14) in base 12?
50a6b2
-23624311 (base 7) to base 13
-58a188
-1a504 (base 16) to base 10
-107780
361887 (base 11) to base 7
4605462
What is -1917c9 (base 15) in base 8?
-4517053
-103e10 (base 15) to base 16
-bca39
Convert -6bca (base 14) to base 5.
-1100143
Convert 35953 (base 10) to base 5.
2122303
-21105314 (base 6) to base 3
-1011021022101
Convert -110101101 (base 4) to base 6.
-1440213
Convert 1303303001 (base 4) to base 10.
474305
What is 1194453 (base 10) in base 3?
2020200111000
25c61b (base 15) to base 3
10102010222222
What is 13210030 (base 5) in base 7?
1056343
What is 36507 (base 13) in base 4?
120112011
What is -23794 (base 12) in base 15?
-e251
What is 2a1017 (base 14) in base 10?
1462573
Convert 4403002 (base 5) to base 10.
75377
Convert -56a72 (base 14) to base 13.
-74b24
What is -1046532 (base 10) in base 9?
-1864513
Convert -3518642 (base 9) to base 10.
-1902485
2903e4 (base 16) to base 15
381682
Convert 446347 (base 9) to base 11.
172749
What is -340041335 (base 6) in base 5?
-3034222443
What is d467e6 (base 16) in base 5?
12030421410
Convert 1044224 (base 6) to base 12.
26674
-241765 (base 8) to base 2
-10100001111110101
What is -1006efa (base 16) in base 12?
-576558a
Convert -14315 (base 6) to base 11.
-1792
Convert -19ba2 (base 12) to base 13.
-143a8
-316c (base 15) to base 7
-42321
-1042662 (base 9) to base 4
-2020221011
What is -2034411012 (base 5) in base 9?
-7835708
Convert -109373